the highest common divisor of 1732 and 472083879.
433
Calculate the greatest common divisor of 28184 and 11754896.
2168
Calculate the greatest common divisor of 243 and 4175802.
9
What is the highest common divisor of 90 and 374792940?
90
What is the highest common factor of 9350856 and 516?
12
Calculate the greatest common divisor of 59843 and 230617.
103
Calculate the highest common divisor of 147 and 1060590.
3
Calculate the highest common divisor of 1092 and 233478804.
156
Calculate the highest common factor of 21748464 and 2432.
304
Calculate the greatest common factor of 9162 and 9051547.
509
Calculate the highest common factor of 232058 and 928.
58
Calculate the highest common divisor of 3434426 and 4231666.
2098
What is the highest common factor of 1962 and 29902?
2
What is the highest common factor of 2037607412 and 452?
452
Calculate the highest common factor of 457020 and 38080.
20
Calculate the greatest common divisor of 39011256 and 855.
171
What is the greatest common divisor of 1562 and 3096097?
71
What is the highest common factor of 157487 and 779512?
139
Calculate the highest common factor of 399 and 2934351.
21
What is the highest common divisor of 2332 and 34083876?
212
Calculate the highest common divisor of 573126 and 22656.
354
Calculate the highest common divisor of 18 and 144972.
18
Calculate the greatest common divisor of 73690379 and 427.
427
What is the highest common divisor of 105216 and 200832?
384
What is the greatest common factor of 35799712 and 65?
13
Calculate the highest common factor of 8096662 and 32340.
98
What is the highest common divisor of 7240372 and 2900?
116
Calculate the highest common divisor of 18 and 98485128.
18
What is the greatest common factor of 24 and 322991592?
24
Calculate the highest common factor of 247 and 84669767.
13
Calculate the greatest common divisor of 1001 and 288471898.
143
What is the highest common factor of 25164 and 47759175?
2097
Calculate the highest common divisor of 1635 and 35974905.
1635
Calculate the greatest common factor of 63 and 30425591.
7
Calculate the greatest common divisor of 2376 and 3070386.
594
Calculate the highest common factor of 14 and 151090366.
14
Calculate the greatest common divisor of 21300 and 73740.
60
What is the highest common factor of 36190 and 801185?
385
What is the highest common factor of 131997 and 1679?
23
What is the greatest common divisor of 372736 and 3287552?
512
What is the highest common factor of 504 and 249875892?
252
What is the highest common factor of 189808 and 12?
4
What is the highest common factor of 6555 and 486495?
285
What is the highest common factor of 47336 and 10649824?
776
What is the highest common divisor of 354332 and 88?
44
Calculate the highest common divisor of 6084616 and 4268.
388
What is the greatest common factor of 865466 and 350?
14
Calculate the highest common divisor of 5995540 and 1690.
10
What is the greatest common divisor of 1873467 and 3096?
387
Calculate the greatest common divisor of 148038108 and 2211.
201
Calculate the highest common divisor of 15851 and 1550736.
121
What is the highest common divisor of 5675 and 2992225?
25
Calculate the highest common factor of 136927338 and 152.
38
Calculate the greatest common divisor of 12479619 and 1887.
111
What is the greatest common factor of 1512 and 4066776?
504
Calculate the highest common factor of 267714 and 507906.
2502
What is the greatest common factor of 1350688 and 24?
8
What is the highest common divisor of 33 and 19713518?
11
What is the greatest common divisor of 33363510 and 310?
10
What is the greatest common factor of 15687 and 7334793?
2241
What is the highest common factor of 196 and 468892?
4
What is the greatest common factor of 4696 and 519943468?
2348
What is the greatest common divisor of 13 and 16440359?
13
What is the greatest common divisor of 4400 and 1175075?
275
What is the greatest common divisor of 681157 and 214959?
907
What is the highest common divisor of 5008602 and 21714?
282
Calculate the greatest common divisor of 174350 and 1391630.
3170
What is the greatest common divisor of 85058814 and 282?
282
Calculate the greatest common divisor of 216 and 28228776.
24
What is the highest common divisor of 11366126 and 4?
2
What is the greatest common divisor of 3936 and 59039016?
984
Calculate the highest common factor of 1820 and 25604540.
260
Calculate the greatest common divisor of 68 and 1565348.
4
Calculate the highest common divisor of 19313 and 57646546.
2759
What is the greatest common factor of 11292489 and 2106?
117
Calculate the greatest common factor of 24 and 1882289.
1
Calculate the highest common divisor of 444 and 99298084.
148
What is the greatest common divisor of 292975 and 1810?
5
Calculate the greatest common factor of 28993 and 13667.
79
What is the highest common divisor of 55657339 and 97?
97
What is the greatest common divisor of 99474888 and 918?
102
What is the greatest common factor of 685132 and 14?
14
What is the greatest common divisor of 40492 and 39856?
212
Calculate the highest common divisor of 30 and 93618990.
30
Calculate the greatest common factor of 2549175 and 215.
5
What is the highest common factor of 31 and 292061?
1
Calculate the greatest common divisor of 7293062 and 33418.
98
Calculate the highest common divisor of 1450 and 445816275.
725
What is the highest common factor of 1990650 and 575000?
1150
Calculate the highest common factor of 6225578 and 1.
1
Calculate the greatest common divisor of 268548 and 331932.
1668
What is the highest common divisor of 136344 and 215592?
312
Calculate the highest common divisor of 1771579302 and 6.
6
What is the greatest common factor of 10231299 and 7075?
283
What is the greatest common factor of 2481 and 72998463?
2481
Calculate the highest common factor of 23220108 and 4374.
1458
What is the highest common factor of 188100 and 42020?
220
What is the greatest common divisor of 587725101 and 6?
3
Calculate the greatest common divisor of 7373344 and 1331.
11
Calculate the highest common divisor of 238 and 1495082.
34
What is the highest common divisor of 127282536 and 67626?
5202
Calculate the highest common factor of 249362 and 14227.
41
Calculate the greatest common factor of 3203420 and 21560.
220
What is the greatest common factor of 8168488 and 137000?
1096
What is the greatest common divisor of 23009030 and 385?
55
What is the highest common factor of 56745388 and 3332?
476
What is the highest common divisor of 84471 and 3959?
37
Calculate the greatest common factor of 89530 and 4770.
10
What is the highest common divisor of 264 and 1979567832?
264
Calculate the highest common divisor of 656 and 126948464.
656
What is the highest common divisor of 564 and 14663295?
141
What is the greatest common factor of 18818 and 522?
2
Calculate the highest common divisor of 8205 and 8752.
547
What is the greatest common divisor of 40858493 and 2223?
247
Calculate the highest common factor of 10 and 321159705.
5
Calculate the greatest common divisor of 11908840 and 56.
8
What is the highest common factor of 6744 and 8272640?
2248
Calculate the highest common divisor of 150797720 and 8798.
8798
What is the greatest common factor of 196 and 4151084?
196
Calculate the highest common factor of 607 and 458285.
607
What is the greatest common divisor of 58067828 and 1820?
364
What is the greatest common factor of 11540350 and 350?
50
What is the greatest common divisor of 1326763 and 6157?
47
What is the greatest common factor of 732 and 355993926?
366
Calculate the highest common factor of 14985022 and 310232.
4082
What is the greatest common factor of 1628 and 9339355?
37
What is the highest common divisor of 1493558 and 3718?
22
Calculate the greatest common factor of 84013 and 36435569.
2897
What is the greatest common factor of 324229236 and 1938?
102
Calculate the highest common divisor of 1450 and 6629800.
50
Calculate the greatest common divisor of 172060 and 8260.
140
What is the greatest common divisor of 70 and 14279180?
10
Calculate the highest common divisor of 160720 and 357028.
1148
What is the greatest common divisor of 3484 and 48668867?
871
Calculate the greatest common factor of 94889668 and 291.
97
What is the highest co